 the highest common factor of 94506769 and 5698?
259
Calculate the highest common divisor of 21364 and 136468.
436
What is the greatest common factor of 8809885 and 2590?
1295
Calculate the highest common divisor of 134631 and 4302.
9
What is the highest common divisor of 7840 and 474516?
196
Calculate the greatest common factor of 25 and 1010355.
5
What is the greatest common divisor of 6 and 3284994?
6
What is the greatest common factor of 1619 and 129652758?
1619
What is the highest common divisor of 51228196 and 44?
4
What is the highest common factor of 1357200 and 5000?
200
Calculate the greatest common divisor of 686 and 90304354.
686
Calculate the highest common factor of 389618 and 6.
2
What is the highest common divisor of 1152186 and 8484?
42
Calculate the greatest common factor of 824 and 14511876.
412
What is the greatest common divisor of 6293 and 28868688?
899
Calculate the highest common factor of 48805577 and 664.
83
What is the greatest common factor of 44694 and 928044?
234
What is the greatest common factor of 533 and 169543569?
533
Calculate the greatest common divisor of 11541796 and 5053.
31
What is the greatest common divisor of 7932605 and 9608?
1201
What is the highest common factor of 311624 and 248?
8
What is the greatest common divisor of 633541 and 249899?
409
Calculate the greatest common factor of 4291476 and 84.
84
What is the greatest common factor of 12611 and 4747?
1
Calculate the highest common divisor of 1165342 and 10918.
206
What is the greatest common factor of 651 and 322539?
21
Calculate the greatest common divisor of 45073 and 33229.
329
Calculate the highest common factor of 3893103 and 3.
3
What is the greatest common factor of 8398 and 782990?
494
What is the greatest common divisor of 7170 and 6754618?
478
Calculate the greatest common divisor of 64 and 120476.
4
Calculate the greatest common factor of 18392538 and 34.
34
Calculate the highest common divisor of 5939926 and 18.
2
What is the greatest common factor of 2815 and 1201219615?
2815
What is the highest common factor of 153 and 1812407?
1
Calculate the greatest common factor of 106849764 and 1404.
36
Calculate the highest common factor of 750 and 587625.
375
What is the highest common divisor of 956 and 29980160?
956
Calculate the highest common factor of 45890 and 41170390.
3530
What is the greatest common factor of 621 and 49315230?
27
Calculate the highest common divisor of 25030145 and 7.
7
What is the greatest common divisor of 2658140 and 4060?
580
What is the highest common factor of 711024048 and 3808?
1904
What is the highest common divisor of 6573 and 99137742?
939
What is the greatest common divisor of 1955205 and 80640?
315
What is the greatest common divisor of 9588 and 941222?
1598
Calculate the highest common divisor of 264 and 5944576.
88
Calculate the greatest common factor of 108 and 102414348.
108
What is the highest common divisor of 1508 and 7176?
52
What is the highest common divisor of 29893477 and 305?
61
Calculate the highest common factor of 143839248 and 1344.
336
What is the highest common divisor of 53233200 and 1085?
155
What is the greatest common divisor of 272558 and 5148?
286
Calculate the highest common factor of 92064 and 6776.
56
Calculate the highest common factor of 1213366 and 574.
14
What is the highest common divisor of 61111106 and 798?
266
Calculate the greatest common divisor of 2707020504 and 108.
36
Calculate the highest common divisor of 443163 and 2373.
21
What is the greatest common factor of 113542 and 261404?
286
Calculate the highest common divisor of 951300 and 21455.
35
What is the highest common factor of 38570 and 10878770?
2030
Calculate the highest common divisor of 3136478 and 3014.
274
What is the greatest common divisor of 351 and 523317249?
117
Calculate the greatest common factor of 11319 and 10494.
33
What is the highest common divisor of 307627650 and 22?
22
What is the highest common factor of 484060 and 31060?
20
What is the highest common factor of 7265612 and 60?
4
Calculate the highest common factor of 5357466 and 1468.
734
What is the greatest common factor of 52052 and 150854704?
4004
Calculate the highest common divisor of 1336952 and 32.
8
What is the greatest common divisor of 19036300 and 8650?
50
What is the greatest common factor of 1670313 and 174?
87
Calculate the highest common divisor of 7 and 195924260.
7
Calculate the highest common divisor of 12657675 and 165.
15
Calculate the greatest common factor of 514282164 and 2244.
2244
Calculate the highest common divisor of 60827 and 127621.
13
Calculate the greatest common divisor of 413768896 and 18636.
6212
Calculate the greatest common divisor of 972 and 14713596.
108
What is the highest common divisor of 51 and 504831?
3
What is the highest common factor of 55881 and 477162?
63
What is the highest common factor of 4280 and 5073512?
856
Calculate the highest common divisor of 4008430146 and 2478.
2478
What is the highest common factor of 777 and 2107779?
111
Calculate the highest common factor of 1 and 5327419.
1
Calculate the highest common divisor of 1880 and 1051672.
376
Calculate the greatest common divisor of 14807 and 337571.
13
Calculate the greatest common divisor of 117500 and 1825.
25
Calculate the greatest common divisor of 191953292 and 541.
541
What is the highest common divisor of 3756 and 357218762?
626
What is the highest common factor of 30 and 226914190?
10
Calculate the greatest common factor of 1811927910 and 195.
195
What is the highest common divisor of 4018 and 8386550?
82
Calculate the highest common factor of 595414957 and 466.
233
What is the highest common divisor of 1017 and 6208317?
9
Calculate the highest common factor of 12496 and 309936.
176
Calculate the greatest common factor of 656 and 2678096.
16
What is the highest common factor of 14477558 and 124?
62
Calculate the highest common divisor of 120481 and 7331069.
571
Calculate the greatest common factor of 158744482 and 26.
26
Calculate the highest common factor of 9952 and 1311487.
311
Calculate the highest common factor of 70706262 and 27775.
1111
What is the greatest common divisor of 15337231 and 611?
13
What is the highest common factor of 141091429 and 2243?
2243
What is the highest common divisor of 3162 and 22873602?
102
Calculate the greatest common factor of 72 and 933354.
18
What is the greatest common factor of 11504 and 30856604?
2876
What is the highest common factor of 8861895 and 15?
15
Calculate the highest common divisor of 196546 and 8618.
278
What is the highest common factor of 849870 and 76230?
630
Calculate the greatest common divisor of 605353056 and 539.
539
What is the greatest common factor of 62445 and 72519?
69
Calculate the greatest common divisor of 11707 and 2541437.
509
What is the greatest common divisor of 68 and 311991548?
68
What is the highest common divisor of 82 and 400482301?
41
What is the highest common factor of 10603 and 1210076?
23
What is the highest common divisor of 7024 and 6804061?
439
Calculate the greatest common factor of 144 and 28189368.
72
What is the highest common factor of 111150 and 352872?
234
Calculate the greatest common divisor of 138015 and 2997.
9
Calculate the highest common divisor of 16803204 and 1056.
132
What is the greatest common factor of 2689 and 780264441?
2689
Calculate the greatest common factor of 888 and 16794744.
888
What is the greatest common divisor of 27923 and 4473?
7
What is the greatest common factor of 3668459 and 1505?
43
Calculate the highest common factor of 51511348 and 140.
28
What is the greatest common factor of 1077111324 and 432?
108
What is the highest common factor of 781 and 40725542?
11
What is the greatest common divisor of 66606 and 9448257?
1959
What is the greatest common divisor of 5288 and 110896?
8
Calculate the highest common divisor of 90 and 12649665.
15
What is the highest common factor of 61 and 70533751?
61
What is the greatest common divisor of 166 and 180622?
2
Calculate the highest common divisor of 31562894 and 44.
22
What is the highest common divisor of 11742 and 989418?
618
What is the greatest common divisor of 172106 and 693?
11
Calculate the greatest common divisor of 86682698 and 19887.
947
Cal